s 205100855 a multiple of 5?
True
Is 120 a factor of 41364011?
False
Is 378 a factor of 101400768?
True
Is 26 a factor of 1745899844?
True
Does 28 divide 548968?
True
Is 8 a factor of 3275755?
False
Is 7227942 a multiple of 10?
False
Does 1585 divide 379949242?
False
Is 7 a factor of 22252692?
True
Is 66 a factor of 113108748?
False
Is 23 a factor of 348707582?
False
Does 52 divide 985410055?
False
Does 1490 divide 26499580?
False
Does 442 divide 29858422?
False
Does 296 divide 346235344?
True
Does 163 divide 407921168?
False
Does 3259 divide 239396363?
True
Does 320 divide 4085223?
False
Is 46 a factor of 654497200?
True
Is 2395 a factor of 501185808?
False
Is 83152205 a multiple of 24?
False
Is 11 a factor of 385611248?
True
Does 51 divide 10808328?
True
Is 583 a factor of 3551053?
True
Is 434 a factor of 67480056?
True
Is 1018 a factor of 418148405?
False
Is 401 a factor of 4340023?
True
Is 15454810 a multiple of 9?
False
Is 27 a factor of 804330?
True
Is 23984826 a multiple of 174?
False
Does 178 divide 194116684?
False
Does 169 divide 1006871379?
False
Is 26 a factor of 4706832?
True
Is 24044181 a multiple of 421?
False
Is 357 a factor of 17338876?
False
Does 14 divide 10216619?
False
Is 6795824829 a multiple of 40?
False
Is 5561126196 a multiple of 222?
True
Does 585 divide 32723145?
True
Is 677278544 a multiple of 14?
False
Does 317 divide 64016363?
False
Is 687 a factor of 54855576?
True
Is 38 a factor of 15959258?
False
Is 11 a factor of 895642704?
True
Does 1488 divide 730816010?
False
Is 198 a factor of 68079046?
False
Is 1863672 a multiple of 456?
True
Is 21 a factor of 372033165?
True
Does 49 divide 20993119?
True
Does 34 divide 11661027?
False
Is 6662700 a multiple of 10?
True
Does 1510 divide 947210686?
False
Does 206 divide 58377639?
False
Is 86392400 a multiple of 25?
True
Is 458 a factor of 113600506?
False
Is 10 a factor of 41247660?
True
Does 1110 divide 86550030?
True
Does 1427 divide 424747593?
False
Is 10 a factor of 286899590?
True
Is 17 a factor of 30104678?
False
Is 598678082 a multiple of 11?
False
Is 95 a factor of 12270472?
False
Does 18 divide 106078752?
True
Does 222 divide 27222972?
True
Is 881 a factor of 513765722?
True
Is 401 a factor of 62790184?
True
Does 12 divide 206358564?
True
Is 206607589 a multiple of 1303?
True
Does 336 divide 425905536?
True
Is 1611 a factor of 90043664?
False
Is 11153360 a multiple of 556?
True
Does 1217 divide 118956163?
False
Is 91 a factor of 73807916?
True
Does 1593 divide 90325700?
False
Is 112403472 a multiple of 1576?
True
Does 958 divide 634752207?
False
Does 904 divide 6601912?
True
Is 417 a factor of 129300208?
False
Does 4 divide 504519397?
False
Is 7 a factor of 13735519?
True
Does 116 divide 3658060?
True
Is 46 a factor of 28790204?
True
Is 672317642 a multiple of 86?
True
Is 8090096 a multiple of 98?
True
Is 175077745 a multiple of 53?
False
Does 87 divide 4252105342?
False
Does 181 divide 2035123246?
False
Is 709662912 a multiple of 31?
True
Does 71 divide 100032965?
True
Is 38150952 a multiple of 485?
False
Is 608721663 a multiple of 131?
False
Does 129 divide 28106907?
True
Is 1050 a factor of 79725450?
True
Does 418 divide 32210097?
False
Is 868 a factor of 15160488?
True
Is 123 a factor of 122366949?
False
Does 401 divide 4323582?
True
Does 53 divide 177038?
False
Is 170 a factor of 13224300?
True
Is 689 a factor of 4202338?
False
Does 1316 divide 34745899?
False
Is 15536625 a multiple of 125?
True
Is 1693 a factor of 146527457?
True
Is 48 a factor of 3640235194?
False
Is 3065611328 a multiple of 1312?
True
Does 141 divide 2900652?
True
Is 976563661 a multiple of 17?
False
Is 29957884 a multiple of 22?
True
Does 172 divide 71671909?
False
Is 1003 a factor of 47112579?
False
Does 219 divide 36135000?
True
Is 87 a factor of 69824920?
False
Is 69 a factor of 33931785?
True
Does 14 divide 94424239?
False
Is 2002533129 a multiple of 197?
False
Is 1366 a factor of 11336889?
False
Does 172 divide 3509660?
True
Does 58 divide 38679156?
True
Is 374989148 a multiple of 46?
True
Is 97497459 a multiple of 251?
False
Is 85948462 a multiple of 432?
False
Is 246 a factor of 33348498?
True
Is 11 a factor of 68678553?
False
Does 958 divide 259529598?
False
Is 3601442973 a multiple of 13614?
False
Is 129 a factor of 55853001?
True
Is 5362 a factor of 124776801?
False
Is 175400080 a multiple of 5?
True
Is 2 a factor of 18624759?
False
Does 167 divide 2109043?
True
Is 71 a factor of 1794445092?
False
Is 4774400156 a multiple of 12?
False
Is 279 a factor of 2386361214?
True
Is 237 a factor of 95263335?
True
Is 601371851 a multiple of 1603?
False
Is 2532 a factor of 41885040?
False
Is 202596660 a multiple of 60?
True
Is 5631000 a multiple of 25?
True
Does 15 divide 873810242?
False
Does 236 divide 15765297?
False
Is 8 a factor of 1468615?
False
Is 42162358 a multiple of 7?
True
Is 16 a factor of 29823776?
True
Is 5490914 a multiple of 3419?
True
Does 75 divide 66265645?
False
Is 2616 a factor of 46234455?
False
Is 1325 a factor of 1554729954?
False
Is 227 a factor of 1640392119?
True
Is 229 a factor of 22883741?
True
Is 77 a factor of 1341539620?
False
Does 3 divide 6685980?
True
Does 26 divide 5361502072?
False
Is 117379852 a multiple of 421?
True
Is 58781342 a multiple of 269?
True
Does 8604 divide 2910738982?
False
Is 87867544 a multiple of 585?
False
Does 74 divide 141908616?
True
Is 1501 a factor of 219019951?
False
Is 12 a factor of 121638624?
True
Is 34789699 a multiple of 581?
True
Is 32837309 a multiple of 4210?
False
Is 21 a factor of 1194550245?
True
Is 19 a factor of 323720364?
False
Does 81 divide 34497396?
False
Is 171 a factor of 2915674148?
False
Is 147 a factor of 9820141?
False
Is 2130 a factor of 1699642020?
True
Is 1726 a factor of 299709544?
True
Does 57 divide 208011149?
False
Is 32 a factor of 219879319?
False
Is 10607 a factor of 2543563592?
False
Is 158 a factor of 672665864?
False
Does 172 divide 702139604?
True
Is 1641385920 a multiple of 32?
True
Does 1198 divide 104215007?
False
Does 363 divide 2691616209?
False
Is 33191704 a multiple of 364?
True
Is 28022842 a multiple of 66?
False
Is 340146036 a multiple of 12?
True
Is 415 a factor of 14766515?
False
Does 392 divide 105258283?
False
Does 2627 divide 381154057?
True
Is 23197251 a multiple of 33?
True
Does 9112 divide 4907167272?
False
Is 7 a factor of 310387?
True
Is 6 a factor of 23074468?
False
Is 2400 a factor of 52480800?
True
Is 55 a factor of 19985261?
False
Is 2473822123 a multiple of 163?
False
Is 271448280 a multiple of 216?
True
Is 586 a factor of 115915599?
False
Is 278 a factor of 2040948398?
True
Is 10 a factor of 502764770?
True
Is 1010 a factor of 58619390?
True
Is 1025 a factor of 3694009800?
True
Is 2246062 a multiple of 287?
True
Is 1070537685 a multiple of 15?
True
Is 9342768 a multiple of 12?
True
Does 64 divide 13229120?
True
Does 1304 divide 902175956?
False
Does 16 divide 1143137623?
False
Does 19 divide 173933372?
True
Is 58943664 a multiple of 138?
True
Is 1443 a factor of 21966548?
False
Is 394829459 a multiple of 411?
False
Does 12 divide 452838708?
True
Is 49 a factor of 1953613339?
False
Is 147 a factor of 8186885?
False
Is 81875442 a multiple of 1862?
False
Is 3017910087 a multiple of 164?
False
Is 12 a factor of 239141364?
True
Is 17 a factor of 54013488?
True
Does 129 divide 9937515?
True
Does 11 divide 10689669?
False
Is 18 a factor of 2162630160?
True
Is 101 a factor of 7777808?
True
Is 1420 a factor of 59689700?
True
Does 149 divide 740201579?
False
Is 5 a factor of 78627845?
True
Is 542535903 a multiple of 117?
True
Is 35362181 a multiple of 85?
False
Is 333944018 a multiple of 92?
False
Is 220 a factor of 17545660?
True
Is 4 a factor of 9688352?
True
Is 1465 a factor of 392266935?
True
Does 253 divide 13333179?
False
Does 192 divide 172195864?
False
Is 537992004 a multiple of 33?
True
Does 10 divide 265954106?
False
Is 4169 a factor of 359132564?
False
Is 235030887 a multiple of 819?
True
Is 8878850 a multiple of 50?
True
Is 1076 a factor of 12513852?
False
Does 678 divide 955302?
True
Is 1717327916 a multiple of 52?
False
Is 143 a factor of 2649363288?
True
Does 2669 divide 56636180?
True
Is 12 a factor of 35258253?
False
Is 19 a factor of 816332537?
False
Is 739